 of 101400?
0
What is the thousands digit of 39035?
9
What is the units digit of 21758277?
7
What is the hundred thousands digit of 320203?
3
What is the ten millions digit of 12995301?
1
What is the millions digit of 3990012?
3
What is the thousands digit of 12888465?
8
What is the thousands digit of 22512516?
2
What is the thousands digit of 341020?
1
What is the units digit of 524900?
0
What is the hundreds digit of 9325252?
2
What is the ten thousands digit of 106579?
0
What is the ten thousands digit of 340570?
4
What is the units digit of 7871434?
4
What is the hundred thousands digit of 947041?
9
What is the ten thousands digit of 358543?
5
What is the units digit of 8055?
5
What is the tens digit of 3080962?
6
What is the ten thousands digit of 1127030?
2
What is the units digit of 8277996?
6
What is the ten thousands digit of 283281?
8
What is the hundreds digit of 535488?
4
What is the units digit of 42167706?
6
What is the units digit of 401095?
5
What is the hundred thousands digit of 473040?
4
What is the tens digit of 199590?
9
What is the hundred thousands digit of 146714?
1
What is the hundreds digit of 5728884?
8
What is the hundred thousands digit of 338029?
3
What is the ten thousands digit of 6187032?
8
What is the hundreds digit of 3027876?
8
What is the ten thousands digit of 369237?
6
What is the thousands digit of 204491?
4
What is the thousands digit of 313075?
3
What is the thousands digit of 6999?
6
What is the millions digit of 1405767?
1
What is the thousands digit of 181883?
1
What is the tens digit of 440714?
1
What is the thousands digit of 200643?
0
What is the tens digit of 14950584?
8
What is the hundred thousands digit of 146368?
1
What is the hundreds digit of 2243871?
8
What is the hundred thousands digit of 825831?
8
What is the ten thousands digit of 6881834?
8
What is the hundred thousands digit of 256553?
2
What is the tens digit of 3544115?
1
What is the ten thousands digit of 6355622?
5
What is the thousands digit of 45109?
5
What is the ten thousands digit of 141124?
4
What is the tens digit of 29540065?
6
What is the hundreds digit of 766687?
6
What is the units digit of 467617?
7
What is the hundreds digit of 20464?
4
What is the millions digit of 10763003?
0
What is the thousands digit of 5324106?
4
What is the millions digit of 6370906?
6
What is the units digit of 6283839?
9
What is the millions digit of 1009913?
1
What is the millions digit of 20846941?
0
What is the tens digit of 9651418?
1
What is the thousands digit of 16349363?
9
What is the units digit of 3079831?
1
What is the millions digit of 8220695?
8
What is the hundred thousands digit of 2463026?
4
What is the thousands digit of 533109?
3
What is the tens digit of 36025032?
3
What is the thousands digit of 387982?
7
What is the units digit of 28968530?
0
What is the millions digit of 6670724?
6
What is the hundred thousands digit of 235840?
2
What is the units digit of 340821?
1
What is the thousands digit of 5415877?
5
What is the hundreds digit of 13240900?
9
What is the ten thousands digit of 120907?
2
What is the hundreds digit of 858432?
4
What is the tens digit of 719880?
8
What is the ten thousands digit of 3756848?
5
What is the millions digit of 6826077?
6
What is the thousands digit of 6630193?
0
What is the thousands digit of 3242590?
2
What is the hundred thousands digit of 524984?
5
What is the ten thousands digit of 180460?
8
What is the units digit of 57179?
9
What is the tens digit of 219035?
3
What is the ten thousands digit of 16407708?
0
What is the units digit of 1596128?
8
What is the ten thousands digit of 68286?
6
What is the thousands digit of 87926?
7
What is the millions digit of 14481889?
4
What is the hundreds digit of 2087990?
9
What is the units digit of 5313211?
1
What is the ten thousands digit of 899741?
9
What is the hundred thousands digit of 3075745?
0
What is the units digit of 4126713?
3
What is the tens digit of 2475971?
7
What is the hundreds digit of 5702435?
4
What is the millions digit of 2330328?
2
What is the units digit of 19012563?
3
What is the tens digit of 14448063?
6
What is the hundreds digit of 246654?
6
What is the units digit of 35705?
5
What is the tens digit of 47876?
7
What is the ten thousands digit of 15191966?
9
What is the tens digit of 4526243?
4
What is the hundreds digit of 85541?
5
What is the hundred thousands digit of 24368702?
3
What is the millions digit of 6416971?
6
What is the hundred thousands digit of 1882861?
8
What is the millions digit of 11137580?
1
What is the millions digit of 1171126?
1
What is the thousands digit of 55371?
5
What is the units digit of 287597?
7
What is the units digit of 285155?
5
What is the millions digit of 16347984?
6
What is the thousands digit of 2587397?
7
What is the hundreds digit of 199332?
3
What is the millions digit of 21249475?
1
What is the hundred thousands digit of 18339995?
3
What is the hundreds digit of 4828653?
6
What is the thousands digit of 182015?
2
What is the tens digit of 32024?
2
What is the ten thousands digit of 51735?
5
What is the units digit of 1102642?
2
What is the units digit of 1292961?
1
What is the ten thousands digit of 305124?
0
What is the units digit of 15847805?
5
What is the hundred thousands digit of 2536435?
5
What is the hundreds digit of 360161?
1
What is the ten thousands digit of 14507813?
0
What is the hundred thousands digit of 5270459?
2
What is the units digit of 305026?
6
What is the units digit of 67937?
7
What is the millions digit of 6183156?
6
What is the hundred thousands digit of 371959?
3
What is the ten thousands digit of 1862331?
6
What is the hundred thousands digit of 129233?
1
What is the thousands digit of 543579?
3
What is the thousands digit of 236994?
6
What is the tens digit of 165312?
1
What is the units digit of 240434?
4
What is the tens digit of 795341?
4
What is the ten thousands digit of 2025707?
2
What is the thousands digit of 43662?
3
What is the tens digit of 30122743?
4
What is the ten thousands digit of 2055156?
5
What is the units digit of 2949172?
2
What is the thousands digit of 400017?
0
What is the thousands digit of 3752618?
2
What is the hundreds digit of 891317?
3
What is the thousands digit of 1358019?
8
What is the hundreds digit of 779019?
0
What is the tens digit of 5580597?
9
What is the thousands digit of 9866690?
6
What is the millions digit of 1586618?
1
What is the hundred thousands digit of 9941592?
9
What is the millions digit of 2785459?
2
What is the tens digit of 2381546?
4
What is the ten thousands digit of 73337?
7
What is the units digit of 22834041?
1
What is the hundred thousands digit of 2051020?
0
What is the hundreds digit of 2233927?
9
What is the units digit of 2613423?
3
What is the millions digit of 3380409?
3
What is the hundred thousands digit of 2971558?
9
What is the thousands digit of 3398806?
8
What is the hundreds digit of 138167?
1
What is the hundred thousands digit of 18955590?
9
What is the units digit of 223147?
7
What is the units digit of 26977?
7
What is the units digit of 382867?
7
What is the tens digit of 172727?
2
What is the ten thousands digit of 1620482?
2
What is the tens digit of 3342996?
9
What is the units digit of 131441?
1
What is the thousands digit of 753974?
3
What is the thousands digit of 1397002?
7
What is the tens digit of 906785?
8
What is the millions digit of 23584428?
3
What is the tens digit of 5547409?
0
What is the hundreds digit of 2030210?
2
What is the ten millions digit of 14526867?
1
What is the hundred thousands digit of 7797953?
7
What is the thousands digit of 1251495?
1
What is the ten millions digit of 16725214?
1
What is the thousands digit of 3800731?
0
What is the hundreds digit of 1410926?
9
What is the hundred thousands digit of 122465?
1
What is the thousands digit of 678430?
8
What is the tens digit of 513483?
8
What is the units digit of 15472781?
1
What is the hundreds digit of 2656791?
7
What is the tens digit of 49250?
5
What is the thousands digit of 91332?
1
What is the units digit of 2365933?
3
What is the ten thousands digit of 58910?
5
What is the hundreds digit of 1072210?
2
What is the hundreds digit of 247175?
1
What is the thousands digit o